{"id":647,"date":"2023-04-27T16:36:19","date_gmt":"2023-04-27T16:36:19","guid":{"rendered":"https:\/\/xn--gyncare-oxa.dk\/?page_id=647"},"modified":"2024-01-07T17:31:15","modified_gmt":"2024-01-07T17:31:15","slug":"om-mig","status":"publish","type":"page","link":"https:\/\/gyn\u00e6care.dk\/?page_id=647","title":{"rendered":"Om mig"},"content":{"rendered":"\t\t<div data-elementor-type=\"wp-page\" data-elementor-id=\"647\" class=\"elementor elementor-647\">\n\t\t\t\t\t\t\t\t\t<section class=\"elementor-section elementor-top-section elementor-element elementor-element-710e06be elementor-section-full_width elementor-section-height-min-height elementor-section-height-default elementor-section-items-middle\" data-id=\"710e06be\" data-element_type=\"section\" data-settings=\"{&quot;background_background&quot;:&quot;classic&quot;}\">\n\t\t\t\t\t\t<div class=\"elementor-container elementor-column-gap-no\">\n\t\t\t\t\t<div class=\"elementor-column elementor-col-100 elementor-top-column elementor-element elementor-element-2c88c68c\" data-id=\"2c88c68c\" data-element_type=\"column\">\n\t\t\t<div class=\"elementor-widget-wrap elementor-element-populated\">\n\t\t\t\t\t\t\t\t<div class=\"elementor-element elementor-element-6127126 elementor-widget elementor-widget-heading\" data-id=\"6127126\" data-element_type=\"widget\" data-widget_type=\"heading.default\">\n\t\t\t\t<div class=\"elementor-widget-container\">\n\t\t\t<style>\/*! elementor - v3.12.1 - 02-04-2023 *\/\n.elementor-heading-title{padding:0;margin:0;line-height:1}.elementor-widget-heading .elementor-heading-title[class*=elementor-size-]>a{color:inherit;font-size:inherit;line-height:inherit}.elementor-widget-heading .elementor-heading-title.elementor-size-small{font-size:15px}.elementor-widget-heading .elementor-heading-title.elementor-size-medium{font-size:19px}.elementor-widget-heading .elementor-heading-title.elementor-size-large{font-size:29px}.elementor-widget-heading .elementor-heading-title.elementor-size-xl{font-size:39px}.elementor-widget-heading .elementor-heading-title.elementor-size-xxl{font-size:59px}<\/style><h2 class=\"elementor-heading-title elementor-size-default\">Om mig<\/h2>\t\t<\/div>\n\t\t\t\t<\/div>\n\t\t\t\t\t<\/div>\n\t\t<\/div>\n\t\t\t\t\t\t\t<\/div>\n\t\t<\/section>\n\t\t\t\t<section class=\"elementor-section elementor-top-section elementor-element elementor-element-4ca0c100 elementor-section-boxed elementor-section-height-default elementor-section-height-default\" data-id=\"4ca0c100\" data-element_type=\"section\" data-settings=\"{&quot;background_background&quot;:&quot;classic&quot;}\">\n\t\t\t\t\t\t<div class=\"elementor-container elementor-column-gap-no\">\n\t\t\t\t\t<div class=\"elementor-column elementor-col-50 elementor-top-column elementor-element elementor-element-4039cc42\" data-id=\"4039cc42\" data-element_type=\"column\">\n\t\t\t<div class=\"elementor-widget-wrap elementor-element-populated\">\n\t\t\t\t\t\t\t\t<div class=\"elementor-element elementor-element-508f0264 elementor-invisible elementor-widget elementor-widget-heading\" data-id=\"508f0264\" data-element_type=\"widget\" data-settings=\"{&quot;_animation&quot;:&quot;fadeInDown&quot;}\" data-widget_type=\"heading.default\">\n\t\t\t\t<div class=\"elementor-widget-container\">\n\t\t\t<h2 class=\"elementor-heading-title elementor-size-default\">Caroline Skov Damgaard<\/h2>\t\t<\/div>\n\t\t\t\t<\/div>\n\t\t\t\t<div class=\"elementor-element elementor-element-4bd8227 elementor-invisible elementor-widget elementor-widget-text-editor\" data-id=\"4bd8227\" data-element_type=\"widget\" data-settings=\"{&quot;_animation&quot;:&quot;fadeInLeft&quot;}\" data-widget_type=\"text-editor.default\">\n\t\t\t\t<div class=\"elementor-widget-container\">\n\t\t\t<style>\/*! elementor - v3.12.1 - 02-04-2023 *\/\n.elementor-widget-text-editor.elementor-drop-cap-view-stacked .elementor-drop-cap{background-color:#69727d;color:#fff}.elementor-widget-text-editor.elementor-drop-cap-view-framed .elementor-drop-cap{color:#69727d;border:3px solid;background-color:transparent}.elementor-widget-text-editor:not(.elementor-drop-cap-view-default) .elementor-drop-cap{margin-top:8px}.elementor-widget-text-editor:not(.elementor-drop-cap-view-default) .elementor-drop-cap-letter{width:1em;height:1em}.elementor-widget-text-editor .elementor-drop-cap{float:left;text-align:center;line-height:1;font-size:50px}.elementor-widget-text-editor .elementor-drop-cap-letter{display:inline-block}<\/style>\t\t\t\t<p><span style=\"font-weight: 400;\">Jeg hedder Caroline, jeg bor i hjertet af Odense, i vores lille perle af et r\u00e6kkehus, som vi gennem de sidste 5 \u00e5r har renoveret. Jeg er gift med Frederik og sammen har vi 2 drenge. Jeg arbejder p\u00e5 sygehuset ved siden af mit selvst\u00e6ndige virke, hvor jeg bl.a. m\u00f8der kvinder i alle aldre og med mange forskellige problemstillinger, relateret til b\u00e6kkenbunden og underlivet.\u00a0<\/span><\/p><p><span style=\"font-weight: 400;\">Jeg blev f\u00e6rdiguddannet i 2018 og m\u00e6rkede hurtigt et savn til et speciale. Da jeg blev gravid med vores f\u00f8rste, m\u00e6rkede jeg for f\u00f8rste gang, s\u00e5dan \u00e6gte, i mit liv, et k\u00e6mpe kontroltab. Jeg havde det godt i begge mine graviditeter &#8211; det var en vild oplevelse at m\u00e6rke kroppen gro et lille menneske og m\u00e6rke alle de forandringer kroppen gennemg\u00e5r. Men jeg oplevede huller i systemet, jeg manglede information og jeg synes det var en jungle at finde hoved og hale i, selv som fagperson.\u00a0\u00a0<\/span><\/p><p><span style=\"font-weight: 400;\">\u00a0<\/span><span style=\"font-weight: 400;\">2021 var derfor starten p\u00e5 en virkelig sp\u00e6ndende og l\u00e6rerig rejse, hvor jeg startede p\u00e5 efteruddannelse som gyn.obs fysioterapeut. Jeg ville vide noget mere og jeg var nysgerrig, jeg ville blive klogere p\u00e5 netop dette speciale. Samtidig har jeg et stort \u00f8nske om at formidle og hj\u00e6lpe kvinder, samt skabe et rum for at tale om alt det som kan v\u00e6re sv\u00e6rt, b\u00e5de ift b\u00e6kkenbunden og underlivet generelt, men m\u00e5ske ogs\u00e5 moderskabet og alt det som f\u00f8lger med dette.\u00a0<\/span><\/p><p><span style=\"font-weight: 400;\">\u00a0<\/span><span style=\"font-weight: 400;\">Jeg har samtidig efteruddannet mig som MORtionsvejleder, da jeg \u00f8nskede at blive klogere p\u00e5 vejledningen til b\u00e5de gravide og efterf\u00f8dselskvinderne inden for fysisk aktivitet og bev\u00e6gelse generelt. Dette st\u00e5r i st\u00e6rkt supplement til min baggrund som gyn.obs fysioterapeut og sikre at jeg kan tilbyde den bedste og h\u00f8je faglighed i enhver\u00a0 behandling, til lige netop dig.\u00a0<\/span><\/p><p><span style=\"font-weight: 400;\">At v\u00e6re noget for andre og at yde omsorg for andre, har altid faldet mig meget naturligt. Jeg har altid vidst, at jeg skulle arbejde med mennesker, for det er s\u00e5 givende for mig. Der er ingen tvivl om, at jeg har fundet den rette hylde som gyn.obs fysioterapeut og ud af dette blev dr\u00f8mme til virkelighed.\u00a0<\/span><\/p><p><span style=\"font-weight: 400;\">\u00a0<\/span><span style=\"font-weight: 400;\">Jeg arbejder ud fra et holistisk syn, hvor jeg m\u00f8der hele dig. Jeg vil gerne v\u00e6re med til at bryde tabuer, der ofte er forbundet inden for b\u00e6kkenbunden og underlivet &#8211; og medvirke til at skabe mindre frygt og mere bev\u00e6gelse. En ting er sikkert, du er aldrig alene og jeg st\u00e5r klar til at hj\u00e6lpe dig.<\/span><\/p>\t\t\t\t\t\t<\/div>\n\t\t\t\t<\/div>\n\t\t\t\t\t<\/div>\n\t\t<\/div>\n\t\t\t\t<div class=\"elementor-column elementor-col-50 elementor-top-column elementor-element elementor-element-6b339e2b\" data-id=\"6b339e2b\" data-element_type=\"column\">\n\t\t\t<div class=\"elementor-widget-wrap elementor-element-populated\">\n\t\t\t\t\t\t\t\t<div class=\"elementor-element elementor-element-363d84f elementor-widget elementor-widget-image\" data-id=\"363d84f\" data-element_type=\"widget\" data-widget_type=\"image.default\">\n\t\t\t\t<div class=\"elementor-widget-container\">\n\t\t\t<style>\/*! elementor - v3.12.1 - 02-04-2023 *\/\n.elementor-widget-image{text-align:center}.elementor-widget-image a{display:inline-block}.elementor-widget-image a img[src$=\".svg\"]{width:48px}.elementor-widget-image img{vertical-align:middle;display:inline-block}<\/style>\t\t\t\t\t\t\t\t\t\t\t\t<img loading=\"lazy\" decoding=\"async\" width=\"1024\" height=\"768\" src=\"https:\/\/gyn\u00e6care.dk\/wp-content\/uploads\/2023\/12\/Baekken-1-1024x768.png\" class=\"attachment-large size-large wp-image-1326\" alt=\"\" srcset=\"https:\/\/gyn\u00e6care.dk\/wp-content\/uploads\/2023\/12\/Baekken-1-1024x768.png 1024w, https:\/\/gyn\u00e6care.dk\/wp-content\/uploads\/2023\/12\/Baekken-1-300x225.png 300w, https:\/\/gyn\u00e6care.dk\/wp-content\/uploads\/2023\/12\/Baekken-1-768x576.png 768w, https:\/\/gyn\u00e6care.dk\/wp-content\/uploads\/2023\/12\/Baekken-1-1536x1152.png 1536w, https:\/\/gyn\u00e6care.dk\/wp-content\/uploads\/2023\/12\/Baekken-1-2048x1536.png 2048w\" sizes=\"(max-width: 1024px) 100vw, 1024px\" \/>\t\t\t\t\t\t\t\t\t\t\t\t\t\t\t<\/div>\n\t\t\t\t<\/div>\n\t\t\t\t<div class=\"elementor-element elementor-element-f550fdf elementor-widget elementor-widget-image\" data-id=\"f550fdf\" data-element_type=\"widget\" data-widget_type=\"image.default\">\n\t\t\t\t<div class=\"elementor-widget-container\">\n\t\t\t\t\t\t\t\t\t\t\t\t\t\t\t<img loading=\"lazy\" decoding=\"async\" width=\"1024\" height=\"768\" src=\"https:\/\/gyn\u00e6care.dk\/wp-content\/uploads\/2023\/12\/Kvinder-1-1024x768.png\" class=\"attachment-large size-large wp-image-1324\" alt=\"\" srcset=\"https:\/\/gyn\u00e6care.dk\/wp-content\/uploads\/2023\/12\/Kvinder-1-1024x768.png 1024w, https:\/\/gyn\u00e6care.dk\/wp-content\/uploads\/2023\/12\/Kvinder-1-300x225.png 300w, https:\/\/gyn\u00e6care.dk\/wp-content\/uploads\/2023\/12\/Kvinder-1-768x576.png 768w, https:\/\/gyn\u00e6care.dk\/wp-content\/uploads\/2023\/12\/Kvinder-1-1536x1152.png 1536w, https:\/\/gyn\u00e6care.dk\/wp-content\/uploads\/2023\/12\/Kvinder-1-2048x1536.png 2048w\" sizes=\"(max-width: 1024px) 100vw, 1024px\" \/>\t\t\t\t\t\t\t\t\t\t\t\t\t\t\t<\/div>\n\t\t\t\t<\/div>\n\t\t\t\t<div class=\"elementor-element elementor-element-63690a4 elementor-widget elementor-widget-image\" data-id=\"63690a4\" data-element_type=\"widget\" data-widget_type=\"image.default\">\n\t\t\t\t<div class=\"elementor-widget-container\">\n\t\t\t\t\t\t\t\t\t\t\t\t\t\t\t<img loading=\"lazy\" decoding=\"async\" width=\"1024\" height=\"1024\" src=\"https:\/\/gyn\u00e6care.dk\/wp-content\/uploads\/2023\/12\/Logo-Hvid-3-1024x1024.png\" class=\"attachment-large size-large wp-image-1331\" alt=\"\" srcset=\"https:\/\/gyn\u00e6care.dk\/wp-content\/uploads\/2023\/12\/Logo-Hvid-3-1024x1024.png 1024w, https:\/\/gyn\u00e6care.dk\/wp-content\/uploads\/2023\/12\/Logo-Hvid-3-300x300.png 300w, https:\/\/gyn\u00e6care.dk\/wp-content\/uploads\/2023\/12\/Logo-Hvid-3-150x150.png 150w, https:\/\/gyn\u00e6care.dk\/wp-content\/uploads\/2023\/12\/Logo-Hvid-3-768x768.png 768w, https:\/\/gyn\u00e6care.dk\/wp-content\/uploads\/2023\/12\/Logo-Hvid-3.png 1080w\" sizes=\"(max-width: 1024px) 100vw, 1024px\" \/>\t\t\t\t\t\t\t\t\t\t\t\t\t\t\t<\/div>\n\t\t\t\t<\/div>\n\t\t\t\t\t<\/div>\n\t\t<\/div>\n\t\t\t\t\t\t\t<\/div>\n\t\t<\/section>\n\t\t\t\t\t\t\t<\/div>\n\t\t","protected":false},"excerpt":{"rendered":"<p>Om mig Caroline Skov Damgaard Jeg hedder Caroline, jeg bor i hjertet af Odense, i vores lille perle af et r\u00e6kkehus, som vi gennem de sidste 5 \u00e5r har renoveret. Jeg er gift med Frederik og sammen har vi 2 drenge. Jeg arbejder p\u00e5 sygehuset ved siden af mit selvst\u00e6ndige virke, hvor jeg bl.a. m\u00f8der &hellip;<\/p>\n<p class=\"read-more\"> <a class=\"\" href=\"https:\/\/gyn\u00e6care.dk\/?page_id=647\"> <span class=\"screen-reader-text\">Om mig<\/span> Read More &raquo;<\/a><\/p>\n","protected":false},"author":1,"featured_media":0,"parent":0,"menu_order":0,"comment_status":"closed","ping_status":"closed","template":"","meta":{"om_disable_all_campaigns":false,"_mi_skip_tracking":false,"site-sidebar-layout":"no-sidebar","site-content-layout":"page-builder","ast-global-header-display":"","ast-main-header-display":"","ast-hfb-above-header-display":"","ast-hfb-below-header-display":"","ast-hfb-mobile-header-display":"","site-post-title":"disabled","ast-breadcrumbs-content":"","ast-featured-img":"disabled","footer-sml-layout":"","theme-transparent-header-meta":"","adv-header-id-meta":"","stick-header-meta":"","header-above-stick-meta":"","header-main-stick-meta":"","header-below-stick-meta":"","footnotes":""},"aioseo_notices":[],"_links":{"self":[{"href":"https:\/\/gyn\u00e6care.dk\/index.php?rest_route=\/wp\/v2\/pages\/647"}],"collection":[{"href":"https:\/\/gyn\u00e6care.dk\/index.php?rest_route=\/wp\/v2\/pages"}],"about":[{"href":"https:\/\/gyn\u00e6care.dk\/index.php?rest_route=\/wp\/v2\/types\/page"}],"author":[{"embeddable":true,"href":"https:\/\/gyn\u00e6care.dk\/index.php?rest_route=\/wp\/v2\/users\/1"}],"replies":[{"embeddable":true,"href":"https:\/\/gyn\u00e6care.dk\/index.php?rest_route=%2Fwp%2Fv2%2Fcomments&post=647"}],"version-history":[{"count":49,"href":"https:\/\/gyn\u00e6care.dk\/index.php?rest_route=\/wp\/v2\/pages\/647\/revisions"}],"predecessor-version":[{"id":1344,"href":"https:\/\/gyn\u00e6care.dk\/index.php?rest_route=\/wp\/v2\/pages\/647\/revisions\/1344"}],"wp:attachment":[{"href":"https:\/\/gyn\u00e6care.dk\/index.php?rest_route=%2Fwp%2Fv2%2Fmedia&parent=647"}],"curies":[{"name":"wp","href":"https:\/\/api.w.org\/{rel}","templated":true}]}}